s the units digit of f(-1)?
6
Suppose -c - 276 = -5*c. What is the tens digit of c?
6
Suppose 4*z - 3 = m, 2 = -4*z - 2*m + 20. Suppose 2*d + z = 2*o - 0*o, o + 5*d = 19. Suppose -3*w = -2*w - o. What is the units digit of w?
4
Let s(m) = -m**2 - m. Let x be s(2). Let b be (-4)/x*(-60)/(-8). Suppose -b*d = -d - 28. What is the units digit of d?
7
Suppose l = -4*n + 10, -5*l = -5*n - 114 - 11. What is the units digit of l?
2
Suppose 2*v = -3*o - 7 - 8, 0 = -5*v + 4*o + 20. Suppose -4*y - 2*d + 4 = 0, 0 = -2*y - v*y - 5*d + 18. What is the units digit of 1 + 0 + y + 3?
3
Suppose -7*s + 66 = -3*s - 2*j, 2*s = 4*j + 18. Let q = s + -13. Suppose 0 = -q*h + 3*h + 54. What is the units digit of h?
8
Let q(f) = 4*f**2 + 2*f + 3. Let n(u) = -3*u**2 + u. Let b be n(1). Let y be q(b). Suppose 0 = -4*k + k + y. What is the units digit of k?
5
Let w = -4 - -13. What is the units digit of w?
9
Let h = -11 + 9. What is the units digit of h + (25 - 0/1)?
3
Let a be (-1)/((-1)/(-2))*-1. Suppose 2*f + a*r = -16, 4*f - r - 2*r = 3. What is the units digit of (-2)/f - (-21)/9?
3
Suppose 0 = 5*x + 166 - 26. Let k = x - -52. What is the units digit of k?
4
Let r(v) = -v**2 - 15*v - 5. Let q(k) = k - 5. Let p(j) = 2*j - 9. Let n(w) = -4*p(w) + 7*q(w). Let y(g) = -4*n(g) + r(g). What is the units digit of y(-9)?
9
Suppose -h + 8 = 3, -4*h = -a - 18. Suppose 12 = a*j - 2. What is the units digit of j?
7
Suppose -5*i = 3*a - 1217, -4*i = 2*a - 5*i - 794. What is the hundreds digit of a?
3
Let s be (-9)/15 + 44/(-10). Let w(r) be the first derivative of r**4/4 + 4*r**3/3 - 3*r**2 + 7*r + 2. What is the units digit of w(s)?
2
Let v = -5 - -56. What is the tens digit of v?
5
Let b(w) = w**3 + 8*w**2 + 6*w. Let u = -17 + 11. What is the tens digit of b(u)?
3
What is the units digit of 3/4 - (-42)/8?
6
Let p be (3/(-1))/3 + 5. Suppose -2*r - p*s = s - 21, -s - 23 = -3*r. What is the units digit of r?
8
Let r be (-3)/2*-5*2. Let j = r - 5. Suppose 2*q = 4*q - j. What is the units digit of q?
5
Suppose -r - 41 = -2*r. What is the tens digit of r?
4
Let v(o) = -6*o**3 + o**2 + 3*o + 3. Let s be v(-2). Suppose -4*t = -5*w + s, w = -0*t + 2*t + 11. What is the units digit of w?
9
Let x be (2/4)/((-1)/(-158)). Suppose i + 3*u = 19, 0*i + x = 3*i - 2*u. What is the tens digit of i?
2
Let h(x) = x**2 - 3*x - 4. Let l be h(3). Let f be ((-5)/l)/((-4)/16). Let y = 14 + f. What is the units digit of y?
9
Suppose -3 = -i - 8. What is the units digit of (-154)/i + (-4)/5?
0
Let o(w) = -2*w**2 - 4*w - 1. Let m be 2/(-4)*(4 - -2). Let t be o(m). Let u = t - -8. What is the units digit of u?
1
Suppose -2*n = 2*r - 14, -2*r = -0*r + 4*n - 12. Let l = 20 - r. What is the tens digit of l?
1
Suppose 0 = -c - 4*c + 275. What is the tens digit of c?
5
Suppose -4*r - 4*o + 92 = 0, -r + 33 = -3*o + 2*o. What is the tens digit of r?
2
What is the tens digit of (68 + -2)*1 - 2?
6
Let p = 1 + 2. Suppose q - 44 = -p*q. What is the units digit of q?
1
Let d(x) = -3*x + 9. Let o be d(-6). Let t = o + -9. What is the units digit of t?
8
Let g = -15 + 96. What is the units digit of 261/g - 4/18?
3
Suppose -7*u - 4*u + 913 = 0. What is the tens digit of u?
8
Let q(a) = -a**2 - 9*a. Suppose 6*c - 8*c = 16. What is the units digit of q(c)?
8
Let f(v) be the third derivative of v**5/60 - v**3/6 - v**2. Let x(w) = w**3 + 4*w**2 - w + 6. Let d(u) = 3*f(u) + x(u). What is the tens digit of d(-7)?
1
Let x = -245 + 410. What is the tens digit of x?
6
Suppose -585 = -6*v - 3*v. What is the units digit of v?
5
Let s be (-5)/15 - 20/(-6). Suppose 0 = -s*m - 0*m + 15. What is the units digit of m?
5
Let z(n) = 4*n**2 - 7. Let p(u) = -u - 9*u**2 + 12 + 12 - 9. Let b(a) = 3*p(a) + 7*z(a). What is the units digit of b(5)?
6
Let q(t) be the first derivative of 17*t**2/2 + t + 5. What is the tens digit of q(1)?
1
Suppose 4*h = -0*h - 12, 0 = -2*b - h + 1. What is the units digit of b?
2
Let o(k) = -k**3 - 9*k**2 - 9*k + 1. Let g be o(-9). Suppose 5*m + g = 322. What is the tens digit of m?
4
Suppose -5*b - 6 = 4*n, b = n - b - 5. What is the units digit of n?
1
Suppose w = -2*h + 4*h - 310, 4*h - 644 = -4*w. What is the units digit of h?
7
Let z(w) = w**2 + 4*w + 1. Let f(i) = -i. Let k(v) = -f(v) - z(v). Let m be k(-2). Suppose 0 = d + 4*l + m - 6, 3*l = -4*d + 20. What is the units digit of d?
5
Suppose 2*q = 5*h + 227, -2*q - 3*h - 114 = -3*q. What is the units digit of q?
1
Let v = 24 - 0. Suppose -7 + v = n. What is the units digit of n?
7
Suppose 2*z + 0 = 4*g + 12, -2*g = 2. Suppose -5*y + 2*n = -z - 24, 2*n + 8 = 0. What is the units digit of y?
4
Let d be -64*((-6)/4)/3. Let u = 0 + 3. Suppose 7*v - d = u*v. What is the units digit of v?
8
Let v(i) = -i. Let g be v(0). Let u be 0 + -1 - -5 - g. Suppose -3*x + 34 - u = 0. What is the tens digit of x?
1
Let w be 6/(-8) + 76/16. Suppose -w*f - y + 168 = 0, -6*f = -f + 3*y - 217. What is the units digit of f?
1
Let h = -19 + 31. Suppose z + 2*z - h = 0. What is the units digit of 0/1 + 3 + z?
7
Let k = -13 - -52. What is the tens digit of k?
3
Suppose 0 = -3*d - 2*a + 97 + 11, -6 = 2*a. What is the units digit of d?
8
Let q(u) = -3*u + 3. Let m be q(-5). Let o = m - 0. Suppose 3*k = -6 + o. What is the units digit of k?
4
Let d be ((-6)/10)/((-3)/15). Suppose 63 = d*l - 63. What is the tens digit of l?
4
Let m = -3 - -3. Suppose -4*d + 5*x = -m*d - 40, -x - 20 = -2*d. What is the units digit of d?
0
Let z(k) = 2*k**2 + k - 4. Let v be z(-2). Suppose -3*n + v*n = -13. What is the tens digit of n?
1
Suppose 0 = -3*r - 3*m + 9, 4*r - 8 = -3*m + 4. Suppose -r*x + 0*g - 2*g = -73, -g = 4*x - 89. What is the tens digit of x?
2
Suppose 3*r + r = -3*o + 84, -3*o + 2*r + 66 = 0. Let x = -5 + o. Let j = -8 + x. What is the units digit of j?
1
Let h = 282 - -70. What is the hundreds digit of h?
3
Let u = -6 + 9. Let b(a) = -3 + 5*a**2 - a**3 + 2*a**3 + 0*a**u - 2*a**3 + 2*a. What is the units digit of b(5)?
7
Suppose -1711 = 5*g - k, -3*k + 5*k = 4*g + 1364. What is the tens digit of g/(-14) + (-2)/(-4)?
2
Let w = -79 + 147. What is the tens digit of w?
6
Suppose -4*c - 5*x - 99 = -644, -3*x = -5*c + 635. What is the hundreds digit of c?
1
Suppose -5*d + 52 = 3*y, 0*y - 2*d = 2*y - 28. What is the units digit of y?
9
Let p(z) = -78*z + 11. Let o be p(8). What is the units digit of o/(-15) + (-4)/(-30)?
1
What is the hundreds digit of (-1)/5 + 1422/10?
1
Suppose -5*d + 44 + 111 = 0. What is the units digit of d?
1
Suppose 0 = -i - 3*i + 16, 0 = 2*w + 2*i - 200. What is the units digit of w?
6
Suppose -4*l = 5*m + 4, -2*m = -4*l + m + 28. Suppose 4*g - 42 = -t, -l*t - 5*g + 145 = -23. What is the tens digit of t?
4
Let r = -12 - -17. Suppose 81 = 3*d - 3*i, 3*d - r*i + 9 = 4*d. Let f = -17 + d. What is the units digit of f?
7
Suppose -5*q + 7 = 42. Let l = q - -3. What is the units digit of l/(-10) + 3/5?
1
Let m(n) = 6*n**3 - n**2 + n - 1. Let p be m(1). Let q(x) = 0 + 0 - 2 + p*x - x**2 + 6. What is the tens digit of q(3)?
1
Let h = 11 - 7. Let r(c) = -c**3 + 5*c**2 + 2*c - 3. What is the tens digit of r(h)?
2
Let g = 0 + 15. Let t = 43 - g. What is the units digit of t?
8
Suppose -2*b + 4*b = 6. Suppose 4 = -b*t + 22. What is the units digit of t?
6
Let o be 3/(-9)*0 - 6. Let s(v) = v**3 + 7*v**2 + 5*v + 2. What is the units digit of s(o)?
8
Suppose -l = l - 22. Let b = -1 - l. Let d = b - -20. What is the units digit of d?
8
Let i = 2 - -1. Let k be (1/i*0)/(-2). Suppose 0 = -m - 2*z + 14, 3*m - 5*z + k*z + 2 = 0. What is the units digit of m?
6
Let f be -3 + -3 + 7 - -2. Let t(v) = -f + 5 - 3*v - 1. What is the units digit of t(-2)?
7
What is the units digit of 1/(-1*4/(-16))?
4
Suppose -3*w - 10 - 14 = 3*j, -5*j = 2*w + 31. Let s(y) = y**2 + 3*y - 7. Let a be s(j). Suppose -a = -t + 3. What is the units digit of t?
6
Let m(o) = 5*o**2 + 7*o - 20. What is the tens digit of m(8)?
5
Let a be (-1 + 2)*(2 - -7). Suppose 3*i = 2*i + a. What is the units digit of i?
9
What is the tens digit of 4/(-12) - (-49)/3?
1
Let p be (-3)/(-3) + -1 + -2. Let o = p - -4. Suppose o*t = 5*t - 21. What is the units digit of t?
7
Suppose 0*w + z = -3*w + 235, 0 = -w + 3*z + 65. Let b = -43 + w. What is the units digit of b?
4
Suppose -5*a = -4*s + 320 + 48, 3*s - 307 = -4*a. What is the tens 